11. Let q be z(9). Let m = -172 + 197. Suppose -237*p = -236*p - m. Calculate the highest common divisor of p and q.
25
Suppose 5*r + 5*f + 9 - 39 = 0, -5*r + 4*f = -57. Suppose -r*u + 4*s + 6328 = -5*u, -2*s = 2. Calculate the greatest common factor of 31 and u.
31
Let p(j) = -11*j - j**2 - 7*j - 13 + 8*j. Let f be p(-8). Suppose 0 = -f*k - 5*c + 140, c + 0*c + 116 = 3*k. Calculate the highest common factor of 80 and k.
40
Suppose 75 = 3*y + 3*t, 4*y + 4*t = 2*y + 40. Suppose -40*w - 5643 = -6043. What is the highest common factor of w and y?
10
Let h = -21 + 21. Suppose h*z - 2*z - 13 = 5*r, 4*z - r - 7 = 0. Let y be z/5 - (-1474)/55. Calculate the greatest common factor of y and 81.
27
Let g be 705/20 - 4 - (121/(-44) - -2). What is the highest common factor of 28192 and g?
32
Let i = -1253 - -2893. Calculate the greatest common factor of i and 70.
10
Suppose 21*d = 30*d. Suppose d = 8*y + 26 - 122. Suppose y*h - 450 = 6*h. Calculate the greatest common divisor of 100 and h.
25
Let w be 24/(-60) + 22/5. Suppose -4*l + 28 = w*i, 14 = l - 2*i + 10. What is the highest common divisor of 6 and l?
6
Let d be (-5)/(-15)*12*(-16)/(-4). Let c = 36 - -129. Suppose 2*w - 187 = c. What is the greatest common divisor of d and w?
16
Let n = 949 + -1381. Let w = n - -450. Calculate the highest common divisor of w and 96.
6
Suppose 495*p + 435 = 498*p. Let f be p - 0/(5*5/25). Calculate the greatest common divisor of 116 and f.
29
Suppose 0 - 4 = 4*l + 4*k, 2*l + 4*k = -12. Suppose -5*q - 3*h + 58 = 0, -q - l*h + 54 = 4*q. Calculate the greatest common divisor of 28 and q.
14
Suppose 4*g + 16*z - 105 = 13*z, 110 = 4*g + 2*z. What is the greatest common factor of g and 2490?
30
Suppose -299 = -8*b + 85. Suppose 3*y = -5*o + 138, 2*o - 2*y = -5*y + b. What is the highest common factor of 18 and o?
6
Let w(y) = y**2 - 15*y + 60. Let k be w(7). Let r be 5764/16 - 1/k. Calculate the greatest common factor of r and 24.
24
Suppose 450 = 4*r - 162. Suppose 0 = 9*n - 12*n + 477. Let p = n + r. What is the highest common factor of 26 and p?
26
Let a(j) = 11*j**2 - 17*j - 13. Let q be a(-7). Let m = 112 - 565. Let n = q + m. Calculate the greatest common factor of 24 and n.
24
Let g(h) = -13*h + 24. Let d(r) = r. Let i(z) = 4*d(z) + g(z). Let o be i(-9). Let p be ((-168)/(-10))/(14/o). What is the greatest common divisor of 14 and p?
14
Suppose -2*a = 207 - 227. Suppose 0 = a*d - 2*d - 16. What is the highest common divisor of d and 32?
2
Suppose 0*t + 2*t = 10. Let x be (-4)/22 - 350/(-110). Suppose 49 = 5*p - x*i - 73, -5*p + 120 = -5*i. What is the greatest common divisor of t and p?
5
Let i = -375 + 416. Let q = -27 + i. Calculate the highest common divisor of q and 10.
2
Let o be (5 + -2 + -4)/((-2)/20). Let d be (-1 - (0 - 196))*230/345. What is the greatest common factor of o and d?
10
Let g = 646 - 443. Suppose 3*s + 68 = g. Calculate the highest common divisor of 30 and s.
15
Suppose -9 + 9 = -56*k. Let d be k + 195 - (-5 + 4)*-3. Calculate the highest common factor of 84 and d.
12
Let y be (160 - (-4 + 6)) + 0 + -4. Let z be 40222/y - (-8)/(-44). Calculate the greatest common factor of z and 9.
9
Suppose m + 69 = 2*m - 2*d, -5*m + 5*d + 325 = 0. Suppose 4*k = m + 59. Let q(x) = 16*x - 5. Let v be q(5). What is the highest common divisor of v and k?
15
Let m be (-1)/(-7) - (-437904)/112. Calculate the greatest common divisor of m and 68.
34
Suppose 2*o + u = -23, 5 + 2 = 2*o - 5*u. Let k(y) = -y**3 - 7*y**2 + 11*y - 19. Let c be k(o). What is the greatest common factor of c and 8?
4
Let u = -8164 + 8560. What is the greatest common factor of u and 1452?
132
Let x be 3*(-4)/(-12) + 0 + -14. Let g = 18 + x. Suppose 0 = 4*h - 0*b - g*b - 121, -3*h - b + 67 = 0. What is the highest common factor of 60 and h?
12
Let l = -46 + 82. Suppose 5*v - l = v + 2*h, -5*v + h + 48 = 0. Let n(q) = 715*q + 1560. Let d be n(-2). Calculate the greatest common factor of d and v.
10
Suppose 4*t - 176 = 128. Calculate the highest common divisor of t and 1121.
19
Let d be 3 - 0 - 3/(-3). Let b = 1610 + -1610. Suppose v - d*u - 8 = -b*v, -16 = -4*u. What is the greatest common divisor of v and 168?
24
Let o be 0 + ((-160)/(-2))/(-4). Let l(c) = c**2 + 21*c + 20. Let r be l(o). Let q be 81*(r - (2 - 3)). What is the greatest common factor of q and 9?
9
Suppose -3*u - 194 = -221. Suppose -45*o = -36*o - u. Calculate the highest common factor of o and 5.
1
Suppose 4*i - 214 = -918. Let y be (i/8)/(2/(-18)). Calculate the highest common divisor of y and 36.
18
Suppose 239 + 133 = 3*q. Let t = -100 + q. What is the highest common factor of t and 16?
8
Suppose 11 = 5*h + 1. Suppose 0 = 5*j + y - 188, 58 = 5*j - h*y - 136. Suppose f = j + 109. What is the greatest common divisor of 21 and f?
21
Suppose -2*x - 3*q + 1011 = 0, -2*x - 8*q + 6*q = -1010. Calculate the highest common divisor of 315 and x.
63
Let m(i) = 16*i**2 - 2*i + 1. Suppose 15*h - 9 = 6*h. Let q be m(h). Let o be (5/(q/(-12)) + 3)*-18. Calculate the highest common factor of 27 and o.
9
Let o = -49 + 33. Let f be 12/o + (-2022)/(-8). Suppose f + 60 = 4*u - v, -2*v = 8. Calculate the highest common divisor of u and 11.
11
Let p be 535/(-40)*-124 + 45/18. What is the greatest common divisor of 176 and p?
11
Suppose -t = -5*t + 140. Suppose t + 30 = 5*c. Calculate the highest common divisor of c and 351.
13
Let y(v) be the second derivative of v**4/3 - 2*v**3/3 - 2*v**2 + 9*v. Let n be y(-4). What is the highest common factor of n and 19?
19
Let p(z) = -7*z**2 + 3*z**3 - 12 + 5*z - 7*z**3 - z**3 - 5*z**2 + 2*z**3. Let h be p(-5). Suppose 403 = r + 23. What is the highest common divisor of r and h?
38
Let g(a) = -61*a - 1445. Let r be g(-35). Calculate the greatest common factor of 75 and r.
15
Suppose 283 = -8*y - 3973. Let t = -516 - y. What is the highest common divisor of t and 184?
8
Suppose 0 = 39*m + 269 - 74. Let z be -3 - -7 - -2*1. Let i = z - m. What is the highest common factor of 99 and i?
11
Let j be (-50)/700 + 57/14. Suppose 4*d + 12 = 0, j*u - 74 = 2*d - 0*d. Calculate the highest common divisor of 391 and u.
17
Suppose -5*p + 71 = -3*o, 0*o + 2*o + 30 = 2*p. Let b be (-22)/143 - (-210)/p. What is the greatest common factor of 12 and b?
4
Suppose 0 = 323*q - 236*q - 3132. Calculate the highest common factor of q and 1107.
9
Let p(m) = 327*m**2 + 54*m + 53. Let w be p(-1). What is the greatest common factor of 3097 and w?
163
Let z be (-48)/8 + 0 + 0. Let b be z - (-13)/(78/264). Calculate the greatest common divisor of b and 304.
38
Let q(v) = 6*v**2 + 61*v - 279. Let u be q(16). Calculate the greatest common divisor of 539 and u.
77
Let q(i) = -426*i**3 - 3*i**2 - 15*i - 13. Let f be q(-1). What is the highest common factor of f and 200?
25
Suppose 0*w + 2*w - 30 = 0. Let n(q) = 19*q + 7. Let d be n(17). Suppose -108*u - d = -110*u. Calculate the greatest common factor of w and u.
15
Let d be (-3)/9 + (170/(-15))/2. Let b be 8/(-6) - 38/d. Let u(i) = i**3 - i**2 + 2. Let z be u(0). Calculate the greatest common factor of b and z.
1
Let i(u) = u + 19. Let o be i(-15). Let x be 133 + 3 + (3 - o). Suppose 0 = 7*v - 13*v + 162. What is the greatest common factor of v and x?
27
Suppose u - 2 = 0, -2*w + 75 = -u - 47. What is the greatest common factor of 3286 and w?
62
Let i(b) = b**3 + 9*b**2 + 5*b - 8. Let l be i(-8). Calculate the highest common factor of 56 and l.
8
Let j(r) = r**3 + 8*r**2 + 2*r + 26. Let y = 120 + -128. Let z be j(y). Calculate the greatest common factor of z and 130.
10
Let w = -19 + 21. Suppose -a - 80 = -2*t, 54*t - 49*t = 2*a + 198. Calculate the highest common factor of t and w.
2
Let t(m) = -39*m - 616. Let k be t(-35). Calculate the greatest common factor of 21 and k.
7
Suppose -4*d - 4*y + 10416 = 0, -4*d + 10417 = 2*y + y. What is the greatest common divisor of d and 10?
5
Let a(d) = -83 + 29*d - 5*d + 127 - 2*d. Let j be a(5). What is the highest common divisor of j and 28?
14
Let i(m) = -5 - 1 + 14*m - 24*m. Let n be i(-7). Suppose 4*o = 3*s - n, 23 = 2*s - 2*o - 17. Calculate the highest common factor of 208 and s.
16
Suppose 0 = 6*x + 429 - 51. Suppose n - l = -4*l - 58, -5*l - 330 = 5*n. Let o = x - n. Calculate the greatest common factor of 14 and o.
7
Let c(j) = j**2 - 2